ctors of 17561.
17, 1033
List the prime factors of 3216.
2, 3, 67
List the prime factors of 12026.
2, 7, 859
What are the prime factors of 13644?
2, 3, 379
What are the prime factors of 244?
2, 61
What are the prime factors of 5184?
2, 3
What are the prime factors of 4182?
2, 3, 17, 41
List the prime factors of 7010.
2, 5, 701
What are the prime factors of 11200?
2, 5, 7
List the prime factors of 981.
3, 109
What are the prime factors of 79726?
2, 39863
List the prime factors of 106.
2, 53
List the prime factors of 1336.
2, 167
List the prime factors of 17580.
2, 3, 5, 293
List the prime factors of 81843.
3, 27281
What are the prime factors of 27310?
2, 5, 2731
What are the prime factors of 23545?
5, 17, 277
List the prime factors of 27643.
7, 11, 359
List the prime factors of 13716.
2, 3, 127
What are the prime factors of 2265?
3, 5, 151
List the prime factors of 3103.
29, 107
What are the prime factors of 7701?
3, 17, 151
What are the prime factors of 10621?
13, 19, 43
What are the prime factors of 4776?
2, 3, 199
What are the prime factors of 7999?
19, 421
List the prime factors of 3466.
2, 1733
What are the prime factors of 27890?
2, 5, 2789
List the prime factors of 21182.
2, 7, 17, 89
What are the prime factors of 58888?
2, 17, 433
List the prime factors of 975.
3, 5, 13
List the prime factors of 4173.
3, 13, 107
List the prime factors of 41576.
2, 5197
List the prime factors of 283.
283
What are the prime factors of 2821?
7, 13, 31
List the prime factors of 1489.
1489
What are the prime factors of 6993?
3, 7, 37
What are the prime factors of 2437?
2437
List the prime factors of 17467.
17467
List the prime factors of 25890.
2, 3, 5, 863
What are the prime factors of 627?
3, 11, 19
What are the prime factors of 299?
13, 23
List the prime factors of 68212.
2, 17053
List the prime factors of 20077.
17, 1181
What are the prime factors of 17735?
5, 3547
What are the prime factors of 52498?
2, 26249
List the prime factors of 33178.
2, 53, 313
What are the prime factors of 25266?
2, 3, 4211
What are the prime factors of 97?
97
What are the prime factors of 19?
19
List the prime factors of 69079.
37, 1867
What are the prime factors of 1701?
3, 7
List the prime factors of 834.
2, 3, 139
List the prime factors of 1444.
2, 19
What are the prime factors of 5427?
3, 67
List the prime factors of 64518.
2, 3, 10753
What are the prime factors of 44161?
13, 43, 79
What are the prime factors of 252?
2, 3, 7
What are the prime factors of 4599?
3, 7, 73
List the prime factors of 156935.
5, 31387
List the prime factors of 39281.
11, 3571
What are the prime factors of 1684?
2, 421
What are the prime factors of 601?
601
List the prime factors of 22267.
7, 3181
List the prime factors of 25342.
2, 12671
What are the prime factors of 165675?
3, 5, 47
What are the prime factors of 46920?
2, 3, 5, 17, 23
What are the prime factors of 119912?
2, 13, 1153
What are the prime factors of 6645?
3, 5, 443
List the prime factors of 21658.
2, 7, 13, 17
What are the prime factors of 2142?
2, 3, 7, 17
What are the prime factors of 32506?
2, 16253
List the prime factors of 1082.
2, 541
What are the prime factors of 161?
7, 23
List the prime factors of 1916.
2, 479
List the prime factors of 38684.
2, 19, 509
List the prime factors of 17905.
5, 3581
List the prime factors of 3123.
3, 347
What are the prime factors of 2606?
2, 1303
List the prime factors of 20862.
2, 3, 19, 61
What are the prime factors of 11724?
2, 3, 977
What are the prime factors of 1929?
3, 643
List the prime factors of 7926.
2, 3, 1321
List the prime factors of 1029.
3, 7
List the prime factors of 39528.
2, 3, 61
List the prime factors of 19200.
2, 3, 5
List the prime factors of 492.
2, 3, 41
List the prime factors of 8673.
3, 7, 59
List the prime factors of 977.
977
What are the prime factors of 65923?
11, 13, 461
List the prime factors of 146941.
146941
List the prime factors of 567.
3, 7
What are the prime factors of 690?
2, 3, 5, 23
List the prime factors of 114612.
2, 3, 9551
List the prime factors of 1115.
5, 223
List the prime factors of 730.
2, 5, 73
What are the prime factors of 1077?
3, 359
List the prime factors of 48298.
2, 19, 31, 41
List the prime factors of 24136.
2, 7, 431
List the prime factors of 1009.
1009
List the prime factors of 2634.
2, 3, 439
List the prime factors of 5257.
7, 751
List the prime factors of 96.
2, 3
List the prime factors of 6816.
2, 3, 71
List the prime factors of 23112.
2, 3, 107
List the prime factors of 987.
3, 7, 47
List the prime factors of 2136.
2, 3, 89
What are the prime factors of 970?
2, 5, 97
List the prime factors of 1736.
2, 7, 31
What are the prime factors of 1222?
2, 13, 47
What are the prime factors of 4067?
7, 83
List the prime factors of 1031.
1031
What are the prime factors of 103?
103
List the prime factors of 130855.
5, 26171
What are the prime factors of 2054?
2, 13, 79
What are the prime factors of 124613?
29, 4297
List the prime factors of 10251.
3, 17, 67
List the prime factors of 17390.
2, 5, 37, 47
List the prime factors of 951.
3, 317
List the prime factors of 25793.
25793
List the prime factors of 106015.
5, 7, 13, 233
List the prime factors of 154787.
154787
List the prime factors of 84827.
84827
List the prime factors of 1200.
2, 3, 5
What are the prime factors of 669?
3, 223
List the prime factors of 73161.
3, 11, 739
What are the prime factors of 941?
941
List the prime factors of 102795.
3, 5, 7, 11, 89
What are the prime factors of 11254?
2, 17, 331
What are the prime factors of 1554?
2, 3, 7, 37
What are the prime factors of 936?
2, 3, 13
List the prime factors of 5044.
2, 13, 97
List the prime factors of 4675.
5, 11, 17
What are the prime factors of 21795?
3, 5, 1453
List the prime factors of 2957.
2957
What are the prime factors of 13972?
2, 7, 499
List the prime factors of 39.
3, 13
What are the prime factors of 27839?
7, 41, 97
What are the prime factors of 916?
2, 229
List the prime factors of 2203.
2203
What are the prime factors of 907?
907
List the prime factors of 36806.
2, 7, 11, 239
List the prime factors of 666.
2, 3, 37
What are the prime factors of 2207?
2207
List the prime factors of 21632.
2, 13
List the prime factors of 3452.
2, 863
List the prime factors of 5471.
5471
What are the prime factors of 48725?
5, 1949
List the prime factors of 1171.
1171
What are the prime factors of 6178?
2, 3089
List the prime factors of 2536.
2, 317
List the prime factors of 1548.
2, 3, 43
What are the prime factors of 26436?
2, 3, 2203
List the prime factors of 83156.
2, 20789
What are the prime factors of 36245?
5, 11, 659
What are the prime factors of 36825?
3, 5, 491
What are the prime factors of 70444?
2, 11, 1601
What are the prime factors of 14025?
3, 5, 11, 17
What are the prime factors of 2601?
3, 17
What are the prime factors of 2006?
2, 17, 59
List the prime factors of 62205.
3, 5, 11, 13, 29
List the prime factors of 3515.
5, 19, 37
What are the prime factors of 3234?
2, 3, 7, 11
List the prime factors of 37321.
37321
List the prime factors of 5665.
5, 11, 103
What are the prime factors of 1061?
1061
What are the prime factors of 2059?
29, 71
List the prime factors of 750.
2, 3, 5
List the prime factors of 614.
2, 307
What are the prime factors of 401?
401
What are the prime factors of 1733?
1733
List the prime factors of 18215.
5, 3643
What are the prime factors of 6946?
2, 23, 151
List the prime factors of 738.
2, 3, 41
What are the prime factors of 730?
2, 5, 73
List the prime factors of 1359.
3, 151
List the prime factors of 21864.
2, 3, 911
List the prime factors of 2565.
3, 5, 19
What are the prime factors of 589?
19, 31
What are the prime factors of 9522?
2, 3, 23
What are the prime factors of 18935?
5, 7, 541
List the prime factors of 652.
2, 163
List the prime factors of 13266.
2, 3, 11, 67
List the prime factors of 181920.
2, 3, 5, 379
List the prime factors of 5546.
2, 47, 59
List the prime factors of 26580.
2, 3, 5, 443
List the prime factors of 4291.
7, 613
List the prime factors of 428.
2, 107
What are the prime factors of 14?
2, 7
What are the prime factors of 2340?
2, 3, 5, 13
List the prime factors of 39271.
173, 227
List the prime factors of 35322.
2, 3, 7, 29
What are the prime factors of 40414?
2, 